 -2358. Is n prime?
False
Let b = 433922 + -68735. Suppose 27*z + 14*z = b. Is z composite?
True
Let k be (-1604 - -1)*(38 + -39). Let f = 4888 + k. Is f composite?
False
Let u = -98 + 195. Let z = u + -39. Is z composite?
True
Let u be ((-110)/(-4))/((-7)/(-14)). Let b = u + -53. Suppose 0 = b*k + 103 - 2325. Is k a prime number?
False
Suppose 0 = -v - 2*v, v + 20 = 5*m. Suppose 15575 = m*k - 1917. Is k a composite number?
False
Let o = 44801 - 14405. Let v = -20495 + o. Is v composite?
False
Let q be -1 - -3*(-24)/(-18). Suppose 0 = 17*s - q*s - 5474. Is s prime?
False
Let s(c) = c + 1. Let v(n) = -10*n**3 - 3*n**2 - 18*n - 16. Let t(y) = -3*s(y) + v(y). Is t(-9) a composite number?
True
Let c = 393 - 377. Suppose 56867 = c*f + 3*f. Is f a composite number?
True
Suppose -6*b - 34 - 2 = 0. Is (-78)/(-117) + (-40562)/b composite?
False
Let h(a) = 470*a**2 + 254*a - 13. Is h(12) a prime number?
False
Let l = 433967 - 272213. Is l/(4 + 2)*2/2 a composite number?
False
Let h = 27529 + -43721. Let z = h - -27533. Is z a composite number?
True
Let i(j) = -11186*j - 2613. Is i(-79) composite?
True
Suppose k = -4*f + 100783, -100*f + 102*f + 302447 = 3*k. Is k composite?
False
Let o be (3256/111)/(2/1878). Let b = o + -13715. Is b a prime number?
True
Let f(l) = 7218*l**2 - 29*l + 56. Let y be f(2). Is (y/35)/(4/14) composite?
False
Suppose -6*o = -14*o + 16. Is 3794 - (7 - 6) - o a prime number?
False
Suppose 0 = 240*a - 93*a - 9369339. Is a a composite number?
False
Let c(r) = -12*r - 15. Let p be c(-5). Suppose y - p = 20. Is y a prime number?
False
Suppose 1024992 - 2740118 - 1073882 = -16*g. Is g a composite number?
True
Let b(v) = 2*v**2 - 3. Let s be b(-3). Suppose -153 = -s*t + 117. Is ((-1902)/3)/((-12)/t) prime?
False
Let m(v) = -v - 7. Let c be m(-4). Let f(p) = 2*p**2 + 2*p - 4*p**2 - 25*p**3 - 4 - 2*p - 2*p**2 - 2*p. Is f(c) prime?
True
Let k(o) = 1461363*o**3 - o**2 - 11*o + 10. Is k(1) a composite number?
True
Let p be (-3 + 3 - -5) + 1/(-1). Suppose 4*u = -p*r + 95864, 4*r + u - 148141 = -52262. Is r composite?
False
Let j(q) = 80*q**2 - 5*q - 6. Suppose 4*s = -0 - 4. Is j(s) prime?
True
Let k = 32 - 37. Let r be (-6)/(2/1) - k. Suppose -52 - 9 = -m + 2*u, r*m = -5*u + 140. Is m composite?
True
Let d(u) = 54*u**2 + 15*u + 11. Let p(n) = -109*n**2 - 29*n - 21. Let y(i) = -11*d(i) - 6*p(i). Let k be y(-5). Suppose o - k = -351. Is o a prime number?
True
Suppose 5*y = -2*d - 10817 + 62874, 5*d + y - 130200 = 0. Is d a prime number?
True
Let i(w) = -2*w**3 - 7*w**2 - 3*w + 1. Let k(z) = -z - 1. Let q be k(5). Is i(q) a prime number?
True
Let a be -4 + (0 + -1)*-1*577. Suppose 68*p + a = 71*p. Is p prime?
True
Let h(w) = -150*w + 1. Let z be h(3). Let o(j) = 10*j**2 - 6*j + 66. Let p be o(8). Let u = p + z. Is u a prime number?
False
Let j(t) = -14*t - 33. Let g be j(-2). Is g/(-15)*3*(0 - -2633) composite?
False
Let k be -3 - ((-105760)/8 - -4). Let r = k + -8304. Is r a composite number?
False
Let c(r) = -66126*r**3 - 3*r - 3. Let n be c(-1). Is ((-10)/15)/(4/n*-1) composite?
True
Let a be (4 - 4/2)/(6/12). Suppose 667 = -a*v + 5*v - m, -4*m = 20. Is v a prime number?
False
Suppose 8*o = 27*o - 11967017. Is o prime?
True
Let q(y) = -11 + 9 + 848*y - 3 + 4339*y. Is q(2) a composite number?
False
Suppose 0 = 7*l - 31 + 3. Suppose 13234 = l*w + 1062. Is w composite?
True
Suppose -15*u + 7261554 = -4393251. Is u prime?
True
Suppose 5*i = 6 + 14. Suppose m - 3*u + 810 = -i*u, -1638 = 2*m - 4*u. Let y = 446 - m. Is y composite?
False
Let w = 103 - 155. Let d be (22 + w)/((-3)/2). Is (53/(-4))/((-5)/d) a prime number?
True
Let i(n) = 2052*n**2 - 3*n + 4. Let g = 149 - 148. Is i(g) a prime number?
True
Let g = -18 + 158. Suppose g*f + 14277 = 143*f. Is f prime?
True
Suppose 5773744 = -191*v + 24743291. Is v composite?
False
Suppose -4*z + q + 126728 = -851996, 3*z - 2*q = 734053. Is z a prime number?
False
Suppose 2*a = -0*z - 3*z + 59831, -5*a = -z - 149586. Is a a prime number?
True
Let i(q) = 44 - 5171*q - 81 - 12846*q. Is i(-4) a prime number?
True
Let b = 57 - 49. Let s(g) = -g**3 + 9*g**2 - 8*g. Let k be s(b). Is 267*(1/6*2 - k) prime?
True
Let w be (27 + -37)*22/(-20)*4. Suppose 47*y - 1743 = w*y. Is y prime?
False
Let h = -40 - -27. Let v(o) = 4 - 19*o - 4*o - 36 - 2*o. Is v(h) a composite number?
False
Is (-18 + 477216/(-27))*6*3/(-12) a prime number?
True
Is ((-21)/18)/(289/(-109867974)) prime?
False
Let c(t) = -3*t**2 - 26*t + 12. Let g be c(-9). Suppose -d - 12421 = 4*s + 6078, 0 = -g*s - 2*d - 13868. Let o = 8317 + s. Is o prime?
True
Suppose 4*o = j + 8, -7*o + 10 = -2*o - 2*j. Suppose 0 = l - o*l + 5. Suppose l*r - 193 - 202 = 0. Is r composite?
False
Suppose d = -4*a - 1, d - 5*a + 0 = -1. Let v be (-2 - d)/((-1)/11) - 2. Suppose v*k = 4189 + 3362. Is k prime?
True
Suppose 0 = 3*s + 163 - 4. Let n = s - 17. Is (n/(-7))/(4/22) a composite number?
True
Suppose s = q - 2, -3*s + 24 = 4*q - 2*q. Let k(z) = 13*z**3 - 3*z**2 + 15*z - 11. Let w be k(q). Is w*1 + (-2 - -2) a prime number?
False
Let s = -39 - -40. Let x be 3 + s/(-2 + 196/96). Is (-2 - (-10267)/9) + 6/x prime?
False
Let w(h) = h**3 - h**2 + 16*h + 17. Let r(u) = u**3 - 13*u**2 - 15*u + 28. Let g be r(14). Is w(g) composite?
False
Let h be 17/(85/150)*2/4. Let j = h - 13. Suppose 2*v = 6*v + r - 5080, j*r = -8. Is v prime?
False
Suppose -y - 3*r + 54 = -4*y, -4*y - 47 = r. Let p be (12/(-2) - y)*(-2)/(-7). Suppose 0 = -5*j + 15 - 25, 0 = -p*x + j + 1440. Is x prime?
True
Suppose -2*t - 4*y - 178847 = -804309, -4*y = -3*t + 938173. Is t a prime number?
True
Is (-4 - (-255)/65)*-568373 composite?
False
Suppose -131*p + 115*p + 3549680 = 0. Is p prime?
False
Let k be 19*((-6)/9 + 2/(-6)). Let q = 19 + k. Is (1*-4 + q)*-140 - 3 a prime number?
True
Suppose -11*f + 958856 = -670497. Is f a composite number?
False
Let z(x) = 7*x - 14. Let m(w) = -3*w + 7. Let t(o) = 9*m(o) + 4*z(o). Let f be t(-4). Suppose -1262 + 4714 = 5*a - f*s, 2*a - 1385 = -3*s. Is a prime?
True
Suppose -4*p = -p + 132. Let l = p - -60. Let c = l + 37. Is c composite?
False
Let g(c) be the second derivative of -19*c**3/3 - c**2/2 - 2*c. Suppose 9*w + 2*w + 110 = 0. Is g(w) composite?
False
Let o(x) = -131015*x - 863. Is o(-2) a prime number?
True
Is 482/(-723) + 354299/3 composite?
True
Let i(w) = 32*w**2 + 76*w + 15. Let q(u) = -16*u - 169. Let l be q(-10). Is i(l) a composite number?
True
Suppose 2*y - 4*o - 15 = -67, -3*o = -2*y - 57. Let b = y + 37. Suppose j - 2 = b, -2*u + 5*j = -571. Is u a composite number?
False
Suppose -3*h = 4*p - 12482 - 713, -5*p + 3*h = -16514. Suppose -11*s + 340 = -p. Is s a prime number?
True
Suppose -89530 = -2*w - 5*v + 146292, -4*v = w - 117911. Is w prime?
True
Suppose c - k = -0*k + 1140, 2*c - 2277 = 3*k. Suppose 3*n = 2*t + 2300, -2*n = -4*t + 5*t + c. Let u = 2114 + t. Is u a composite number?
False
Let c(a) = a + 18. Let g be c(-16). Suppose -g*k - 6 = 4*u - 2*u, 0 = -4*k + u + 13. Suppose -1629 = -j - 6*w + 4*w, -2*j - k*w + 3266 = 0. Is j a prime number?
True
Let d(a) = -a**3 - a**2 - a + 51. Let z(t) = -t**2 - 12*t - 11. Let j be z(-11). Let v be j/(-1*(5 + -3)). Is d(v) composite?
True
Suppose -2*b + 5*c + 106483 = 0, 5*b - 2*c = -6*c + 266290. Is b composite?
True
Let h be ((-2)/3)/(32/(-144)). Is (h - (-8)/(-3))/(9/74817) prime?
False
Let q(v) = 10392*v**3 - 35*v**2 + 3*v - 29. Is q(5) a composite number?
False
Suppose 4394 = -28*s - 44270. Suppose 0 = -0*p - p + 2. Is -6 + p - (s - (5 - 0)) composite?
True
Suppose 5*m = 32 + 53. Let f = m - 17. Suppose 3*i - 74 - 328 = f. Is i prime?
False
Suppose -21*z + 5*z = -59424. Let n = -2620 + z. Let g = n + -7. Is g composite?
False
Let v(g) = -13*g**2 + 31*g + 223. Let k(b) = 4*b**2 + b - 1. Let y(q) = 6*k(q) + v(q). Is y(-17) a prime number?
True
Let v(i) = -2573*i**3 + 19*i**2 + 7*i + 2. Is v(-3) prime?
True
Let p = 1435977 - 623210. Is p prime?
False
Let l be 15/((-120)/(-16)) + 3396. Suppose 24*a + 5*i + l = 25*a, 3*i = -2*a + 6757. Is a a prime number?
False
Let l = -31344 + 86657. Is l a prime number?
True
Let b = -51144 - -80201. Suppose -22*v + b = 27*v. Is v a prime number?
True
Let h(n) = 5*n - 5*n + 0*n + 37 - 3*n. Let j be h(11). Suppose 1 = -3*r + j*q + 126, 4*q = r - 39. Is r composite?
False
Let